2)?
5
Suppose 0 = 2*k + 4*y - 28078 + 7162, -k = 3*y - 10464. What is the units digit of k?
6
Suppose 6*a - 4 = -4. Let m be 1/(-3) + 112/21. Suppose 3*v - m*v + 68 = a. What is the units digit of v?
4
Let k(w) = 3*w**3 - 15*w**2 - 7*w + 53. Let h(p) = p**3 - 7*p**2 - 4*p + 27. Let g(c) = -11*h(c) + 6*k(c). What is the tens digit of g(5)?
8
Let t(g) = -9*g + 33. Let r be t(-8). Let q = -103 + r. Suppose 0 = -q*l - 5*p + 30, -2*l + 4*p + 35 - 5 = 0. What is the tens digit of l?
1
Let s(i) = -2*i**2 + 24*i + 13. Let u be s(12). Let w(h) = -33*h - 25. Let k be w(u). What is the tens digit of (-2)/(-12) + k/(-12)?
3
Suppose 0 = -27*u + 32*u - 115. Suppose -7 = -4*s - 3*p + 6*p, 0 = -5*s - p + u. Suppose -40*k + 38*k = -s. What is the units digit of k?
2
Let w = -950 + 1385. Let t be w + 5 + (-2 - 0). Suppose j + 49 = -3*s + t, 5*j = -20. What is the tens digit of s?
3
Let l = 22 - 19. Suppose -2*p - 78 = -3*g, 0 = -3*g - p - l*p + 60. What is the units digit of 4/(-6)*4/(g/(-765))?
5
Suppose -3 = -t, 23*g + 5*t = 25*g - 2073. What is the units digit of g?
4
Let r = 426 - 424. Suppose -5*a - 3*l = -7*l - 4832, r*l + 6 = 0. What is the hundreds digit of a?
9
Let s(x) = 23*x**2 + 178*x - 18. Let q(u) = 12*u**2 + 87*u - 9. Let g(f) = 11*q(f) - 6*s(f). What is the units digit of g(-14)?
7
Suppose 1320 = 5*q - 15*b + 12*b, 242 = q - 5*b. Suppose -u + 136 = r, 3*u + 3*r + q = 5*u. What is the units digit of u?
5
What is the hundreds digit of (-8)/40 + (1/(-5))/((-7)/323022)?
2
Suppose -8*s + 53*s = -48*s + 191580. What is the units digit of s?
0
Suppose -3*n - p + 21 = 8, -3*n - 3*p = -9. Suppose -n*k + 5796 = 326. What is the tens digit of k?
9
Let p = -80 + 83. Suppose -p*f + 433 - 67 = 0. What is the hundreds digit of f?
1
Suppose -5*y + 94063 = -c, 258*c = 2*y + 256*c - 37630. What is the thousands digit of y?
8
Let o(w) = 686*w**2 + 5*w - 13. What is the tens digit of o(-3)?
4
Let d = -23 - -20. Let z be d*(5/(-15) - (-420)/(-9)). Suppose -30*b + 29*b + z = 0. What is the tens digit of b?
4
Let a be ((-6)/9)/(10/(-4020)). Let n = a - -284. What is the hundreds digit of n?
5
Let p(o) = 86*o - 3535. What is the tens digit of p(52)?
3
Let y = 41453 + -28160. What is the thousands digit of y?
3
Let z = 16306 + 18544. What is the thousands digit of z?
4
Suppose -3*l + 4*o = 2*l - 3534, 5*l = -4*o + 3526. Let s(w) = -3*w**2 + 2*w**3 + l*w - 706*w - 9. What is the tens digit of s(4)?
7
Suppose 2*b = 2, 5*k - 61897 + 19119 = 2*b. What is the tens digit of k?
5
Let m = 14482 - -10071. What is the ten thousands digit of m?
2
Let g(t) = -15*t - 135. Let a be g(-8). What is the units digit of 656 + 6/2 + (-18 - a)?
6
Let l(x) = -x + 42. Suppose -b + 33 = 15. Let z be l(b). Suppose -3*y - z - 33 = -3*i, -5*y + 3 = 2*i. What is the units digit of i?
4
What is the ten thousands digit of 7/(-84)*3 + 21/(-12) - -16934?
1
Let h(m) = -5*m + 2. Let t(q) = 11*q - 4. Let w(p) = -13*h(p) - 6*t(p). Let i be w(-1). What is the units digit of (-14)/(i/(-2)*-2) + 0?
4
Let d = -184060 + 260767. What is the units digit of d?
7
Suppose 1261396 = 138*h + 185272. What is the tens digit of h?
9
Let f = 66 + -64. Let y(a) = -7 - f*a + 13*a**2 - a**3 - 2*a**2 - 8 + 6. What is the units digit of y(9)?
5
Let h(t) be the second derivative of -1/6*t**3 + 0 + 1/12*t**4 + 1/2*t**2 + 3*t + 19/20*t**5. What is the units digit of h(1)?
0
Suppose 0 = 4*b - 2130 - 542. Suppose 263 = -3*q + b. Let r = q + -76. What is the units digit of r?
9
Let w(z) = -2*z**2 + 9*z + 3 + 3*z**2 + 19 - 2. Let r be w(-5). Suppose r = 7*u - 99 + 1. What is the units digit of u?
4
Let p(v) = 7*v**3 - 9*v**2 - 2*v - 82. Let b be p(10). Suppose 0 = 18*r - 2120 - b. What is the units digit of r?
1
Suppose 5*f = -4*p + 552 + 7, p - 2*f = 130. Let a = p + -136. Suppose a = 6*l - 13 - 23. What is the units digit of l?
6
Suppose -5*r = 3*x + 3916, -7*r = -4*r - 4*x + 2367. Let c = r - -1250. What is the tens digit of c?
6
Suppose -y + 4*r - 1 - 2 = 0, -4*r = -4*y + 12. Suppose -2*x + 1253 = -n, 4*x - 2033 - 452 = -y*n. What is the units digit of x?
5
Suppose -23 = -4*u - 3. Let y be (-6 + 112/20)*-795. Suppose y = 3*x - 5*o + 3*o, u*o + 309 = 3*x. What is the units digit of x?
8
Let b = 70 - 67. Suppose 2*a - 24 = -b*p, 44 - 3 = 5*a - 2*p. What is the hundreds digit of 386/1*a/18?
1
Let b(q) = q**3 - 11*q**2 + 6*q + 1. Let d be b(11). Suppose -d*h = -61*h - 2370. What is the tens digit of h?
9
Suppose 31*p = -7*p + 71858. What is the hundreds digit of p?
8
Let f(l) = 1267*l + 1199. What is the thousands digit of f(17)?
2
Suppose 0 = 37*d - 48*d + 11. What is the tens digit of 762/(-4)*12/(-7 + d)?
8
Let l be (-230)/(-184) + (-7)/(-4). Suppose -4*k - 2176 = -4*w + k, l*w = -5*k + 1632. What is the units digit of w?
4
Suppose 347147 + 75457 = 52*w. What is the units digit of w?
7
Let p = 20264 + -13485. What is the hundreds digit of p?
7
Suppose -12 = d + 2. Let o(n) = 11*n**2 - 25*n - 6. Let f(u) = 31*u**2 - 74*u - 19. Let z(k) = 6*f(k) - 17*o(k). What is the units digit of z(d)?
8
Suppose 5*d = 3*n + 157 - 612, -2*n + 5*d = -305. Suppose -76 = 2*o - 2*y - 2*y, -2*o + 3*y = 80. Let q = n - o. What is the hundreds digit of q?
1
Let r be (-7)/(-5) - 119882/(-70). What is the units digit of r/3 - 2*6/36?
1
Let n = 106 - 190. What is the tens digit of (-30696)/n + (-6)/14?
6
Let c = 15463 + -7676. What is the tens digit of c?
8
What is the tens digit of (-14013)/((5 - -4 - 8)*-1)?
1
Suppose -36 = -4*u + 2*u + 5*c, c = -u + 18. Let l = u + -20. What is the tens digit of l/(-8) - (-374)/8?
4
Suppose 74*q - 89*q = -4545. What is the hundreds digit of q?
3
Let t = 198 - 192. Suppose -o + t*o = 415. What is the tens digit of o?
8
Let q(o) = -8*o**2 + 41*o - 145. Let v(h) = 10*h**2 - 42*h + 146. Let u(x) = 7*q(x) + 6*v(x). What is the units digit of u(7)?
2
Let g = -3417 - -5261. Suppose 0*f - 4*f - 3*x = -g, x = 2*f - 922. What is the hundreds digit of f?
4
Let t(x) = -43*x**3 + 3*x**2 - 124*x + 26. What is the units digit of t(-8)?
6
Let l(b) = 0 + 3*b + 15*b + 55*b + 30. What is the hundreds digit of l(9)?
6
Let n(l) = -2 - 8 + 17 + 504*l. What is the hundreds digit of n(1)?
5
Let l(t) = -t**2 - 4*t - 7. Let d be l(-5). Let q(s) be the first derivative of s**4/4 + 14*s**3/3 + 9*s**2 - 16*s - 54. What is the units digit of q(d)?
6
Let a be 8/24 - (-512)/3. Let l = a + -74. What is the tens digit of l?
9
Suppose s - 10637 = -3*q, -10588 = -19*s + 18*s + 4*q. What is the units digit of s?
6
Suppose -q = -u + 514, -4*u - 80 + 2138 = -3*q. Suppose 2*r + u = 6*r. What is the tens digit of r?
2
Suppose -39*t + x + 201060 = -35*t, 3*x = 4*t - 201060. What is the tens digit of t?
6
Let g(t) = 11 - 2*t - 2*t**3 + 10*t + 27*t**2 + 5*t. Let x be g(14). What is the units digit of (39/4)/(x + 150/48)?
8
Suppose -p + 2*z + 20 + 0 = 0, 3*p - 4*z - 52 = 0. Suppose 31*k = p*k + 1292. What is the units digit of k?
8
Suppose -4*a = -5*y - 8*a - 45, -35 = 4*y + 3*a. Let m(j) = 7*j**2 - 14*j - 48. What is the hundreds digit of m(y)?
1
Let q be (-5 - -5 - (162 + -1)) + 1. Let r = q - -60. Let j = r + 231. What is the tens digit of j?
3
Suppose 2*d - 52 + 42 = 0. What is the hundreds digit of (1743*d/(-15))/(-1 + 0)?
5
Suppose 4*q - 415 = -q - 3*i, -4*i + 20 = 0. Let o = q + -10. What is the tens digit of o?
7
Let r(p) = 845*p**2 + 6*p + 7. Let c be r(-1). Suppose -5*u - 4*u + c = 0. What is the tens digit of u?
9
Suppose -29*k - 15 = -30*k. Suppose -2 = 14*v - k*v. Suppose 0 = v*y - 3*f - 214, -4*f = 6*y - 2*y - 448. What is the tens digit of y?
1
Suppose 0 = 4*a - 4725 - 6091. Suppose -a = 5*y - 13*y. What is the tens digit of y?
3
Suppose 5*h + 22118 = -2*k + 4*k, 5*k = -3*h + 55388. What is the ten thousands digit of k?
1
Let j = -167 - -12. Let s = j + 156. What is the units digit of s?
1
Let i(a) = -4*a**2 - 21*a + 16057. What is the thousands digit of i(0)?
6
Let d = -2818 - -1171. Let k = d + 3046. What is the units digit of k?
9
Let n = -4683 - -9648. What is the thousands digit of n?
4
Let l(w) = -6*w**2 - 22*w. Let j be l(-3). Suppose 2*g - 6580 = -j*g. What is the hundreds digit of g?
4
Let v = -40 - 75. Let o = -75 - v. Let h = 4 + o. What is the units digit of h?
4
Let k(b) = 900*b**2 + 49*b + 104. What is the hundreds digit of k(-2)?